{"id":19,"date":"2026-03-05T13:09:09","date_gmt":"2026-03-05T13:09:09","guid":{"rendered":"https:\/\/worldtastyrecipes.com\/?page_id=19"},"modified":"2026-03-05T13:09:09","modified_gmt":"2026-03-05T13:09:09","slug":"a-propos","status":"publish","type":"page","link":"https:\/\/worldtastyrecipes.com\/?page_id=19","title":{"rendered":"\u00c0 propos"},"content":{"rendered":"\n<p>Bienvenue sur <strong>World Tasty Recipe<\/strong>, un site d\u00e9di\u00e9 aux passionn\u00e9s de cuisine du monde entier.<\/p>\n\n\n\n<p>Notre mission est simple : partager des recettes savoureuses, faciles \u00e0 r\u00e9aliser et inspir\u00e9es de diff\u00e9rentes cultures culinaires. Nous croyons que la cuisine est un langage universel qui rapproche les gens et permet de d\u00e9couvrir de nouvelles saveurs.<\/p>\n\n\n\n<p>Sur <strong>World Tasty Recipe<\/strong>, vous trouverez une grande vari\u00e9t\u00e9 de recettes :<\/p>\n\n\n\n<ul class=\"wp-block-list\">\n<li>Plats traditionnels<\/li>\n\n\n\n<li>Recettes rapides du quotidien<\/li>\n\n\n\n<li>Desserts gourmands<\/li>\n\n\n\n<li>Boissons rafra\u00eechissantes<\/li>\n\n\n\n<li>Recettes internationales<\/li>\n<\/ul>\n\n\n\n<p>Chaque recette est con\u00e7ue pour \u00eatre claire, d\u00e9taill\u00e9e et accessible \u00e0 tous, que vous soyez d\u00e9butant en cuisine ou cuisinier exp\u00e9riment\u00e9.<\/p>\n\n\n\n<p>Notre objectif est d\u2019aider les visiteurs \u00e0 cuisiner facilement \u00e0 la maison tout en d\u00e9couvrant des plats d\u00e9licieux venus des quatre coins du monde.<\/p>\n\n\n\n<p>Merci de faire partie de notre communaut\u00e9 culinaire.<\/p>\n","protected":false},"excerpt":{"rendered":"<p>Bienvenue sur World Tasty Recipe, un site d\u00e9di\u00e9 aux passionn\u00e9s de cuisine du monde entier. Notre mission est simple : partager des recettes savoureuses, faciles \u00e0 r\u00e9aliser et inspir\u00e9es de diff\u00e9rentes cultures culinaires. Nous croyons que la cuisine est un langage universel qui rapproche les gens et permet de d\u00e9couvrir de nouvelles saveurs. Sur World [&hellip;]<\/p>\n","protected":false},"author":1,"featured_media":0,"parent":0,"menu_order":0,"comment_status":"closed","ping_status":"closed","template":"","meta":{"footnotes":""},"class_list":["post-19","page","type-page","status-publish","hentry"],"_links":{"self":[{"href":"https:\/\/worldtastyrecipes.com\/index.php?rest_route=\/wp\/v2\/pages\/19","targetHints":{"allow":["GET"]}}],"collection":[{"href":"https:\/\/worldtastyrecipes.com\/index.php?rest_route=\/wp\/v2\/pages"}],"about":[{"href":"https:\/\/worldtastyrecipes.com\/index.php?rest_route=\/wp\/v2\/types\/page"}],"author":[{"embeddable":true,"href":"https:\/\/worldtastyrecipes.com\/index.php?rest_route=\/wp\/v2\/users\/1"}],"replies":[{"embeddable":true,"href":"https:\/\/worldtastyrecipes.com\/index.php?rest_route=%2Fwp%2Fv2%2Fcomments&post=19"}],"version-history":[{"count":1,"href":"https:\/\/worldtastyrecipes.com\/index.php?rest_route=\/wp\/v2\/pages\/19\/revisions"}],"predecessor-version":[{"id":20,"href":"https:\/\/worldtastyrecipes.com\/index.php?rest_route=\/wp\/v2\/pages\/19\/revisions\/20"}],"wp:attachment":[{"href":"https:\/\/worldtastyrecipes.com\/index.php?rest_route=%2Fwp%2Fv2%2Fmedia&parent=19"}],"curies":[{"name":"wp","href":"https:\/\/api.w.org\/{rel}","templated":true}]}}