{"id":23,"date":"2026-03-05T13:11:34","date_gmt":"2026-03-05T13:11:34","guid":{"rendered":"https:\/\/worldtastyrecipes.com\/?page_id=23"},"modified":"2026-03-05T13:11:43","modified_gmt":"2026-03-05T13:11:43","slug":"politique-de-cookies","status":"publish","type":"page","link":"https:\/\/worldtastyrecipes.com\/?page_id=23","title":{"rendered":"Politique de cookies"},"content":{"rendered":"\n<p>Cette politique explique comment <strong>World Tasty Recipe<\/strong> utilise les cookies.<\/p>\n\n\n\n<h3 class=\"wp-block-heading\">Qu\u2019est-ce qu\u2019un cookie ?<\/h3>\n\n\n\n<p>Un cookie est un petit fichier texte stock\u00e9 sur votre appareil lorsque vous visitez un site web.<\/p>\n\n\n\n<p>Les cookies permettent :<\/p>\n\n\n\n<ul class=\"wp-block-list\">\n<li>d\u2019am\u00e9liorer l\u2019exp\u00e9rience utilisateur<\/li>\n\n\n\n<li>d\u2019analyser le trafic du site<\/li>\n\n\n\n<li>de m\u00e9moriser certaines pr\u00e9f\u00e9rences<\/li>\n<\/ul>\n\n\n\n<h3 class=\"wp-block-heading\">Comment nous utilisons les cookies<\/h3>\n\n\n\n<p>Nous utilisons les cookies pour :<\/p>\n\n\n\n<ul class=\"wp-block-list\">\n<li>comprendre comment les visiteurs utilisent notre site<\/li>\n\n\n\n<li>am\u00e9liorer nos contenus<\/li>\n\n\n\n<li>analyser les performances du site<\/li>\n<\/ul>\n\n\n\n<p>Certains partenaires, comme Google AdSense, peuvent \u00e9galement utiliser des cookies pour diffuser des annonces pertinentes.<\/p>\n\n\n\n<p>Vous pouvez d\u00e9sactiver les cookies dans les param\u00e8tres de votre navigateur.<\/p>\n","protected":false},"excerpt":{"rendered":"<p>Cette politique explique comment World Tasty Recipe utilise les cookies. Qu\u2019est-ce qu\u2019un cookie ? Un cookie est un petit fichier texte stock\u00e9 sur votre appareil lorsque vous visitez un site web. Les cookies permettent : Comment nous utilisons les cookies Nous utilisons les cookies pour : Certains partenaires, comme Google AdSense, peuvent \u00e9galement utiliser des [&hellip;]<\/p>\n","protected":false},"author":1,"featured_media":0,"parent":0,"menu_order":0,"comment_status":"closed","ping_status":"closed","template":"","meta":{"footnotes":""},"class_list":["post-23","page","type-page","status-publish","hentry"],"_links":{"self":[{"href":"https:\/\/worldtastyrecipes.com\/index.php?rest_route=\/wp\/v2\/pages\/23","targetHints":{"allow":["GET"]}}],"collection":[{"href":"https:\/\/worldtastyrecipes.com\/index.php?rest_route=\/wp\/v2\/pages"}],"about":[{"href":"https:\/\/worldtastyrecipes.com\/index.php?rest_route=\/wp\/v2\/types\/page"}],"author":[{"embeddable":true,"href":"https:\/\/worldtastyrecipes.com\/index.php?rest_route=\/wp\/v2\/users\/1"}],"replies":[{"embeddable":true,"href":"https:\/\/worldtastyrecipes.com\/index.php?rest_route=%2Fwp%2Fv2%2Fcomments&post=23"}],"version-history":[{"count":1,"href":"https:\/\/worldtastyrecipes.com\/index.php?rest_route=\/wp\/v2\/pages\/23\/revisions"}],"predecessor-version":[{"id":24,"href":"https:\/\/worldtastyrecipes.com\/index.php?rest_route=\/wp\/v2\/pages\/23\/revisions\/24"}],"wp:attachment":[{"href":"https:\/\/worldtastyrecipes.com\/index.php?rest_route=%2Fwp%2Fv2%2Fmedia&parent=23"}],"curies":[{"name":"wp","href":"https:\/\/api.w.org\/{rel}","templated":true}]}}